6
Let f(j) = 4*j**3 - 9*j**2 - 5*j + 190. Determine f(7).
1086
Let o(j) = 169*j + 160. Calculate o(-1).
-9
Let b(a) = -12*a**2 + 19*a - 39. Give b(4).
-155
Let d(u) = -u**2 + 12*u + 25. What is d(-2)?
-3
Let v(b) = b**2 + 42*b + 93. Calculate v(-49).
436
Let k(h) = -h**3 + 95*h**2 - 96*h + 178. What is k(94)?
-10
Let w(u) = -u**3 + 117*u**2 + 5701*u - 465. Determine w(154).
-3
Let h(a) = -718*a - 7076. Determine h(-10).
104
Let m(j) = 87*j - 343. Give m(4).
5
Let r(u) = -63*u**3 + 4*u**2 + u - 18. Calculate r(2).
-504
Let b(s) = -31*s - 637. What is b(-20)?
-17
Let d(n) = -n**2 - 46*n + 135. What is d(3)?
-12
Let s(j) = 16*j**2 + 696*j - 697. Determine s(1).
15
Let m(n) = 2*n**2 + 53*n - 89. Determine m(-29).
56
Let l(m) = 2*m**2 + 185*m - 1177. Give l(6).
5
Let t(z) = -3*z**2 + 3045*z - 68455. Determine t(23).
-7
Let k(o) = 29*o + 350. Calculate k(-10).
60
Let x(a) = 753*a - 208576. Calculate x(277).
5
Let q(h) = -h**3 + 15*h**2 + 14*h + 46. Calculate q(16).
14
Let u(t) = -271*t - 1340. What is u(-5)?
15
Let j(q) = -5*q + 805. What is j(-22)?
915
Let y(n) = -28*n - 814. Calculate y(-29).
-2
Let f(s) = 38*s**2 + 1016*s - 262. Determine f(-27).
8
Let w(v) = v**3 + 8*v**2 - 87*v - 69. What is w(-14)?
-27
Let n(r) = -178*r + 14. Give n(-1).
192
Let u(t) = 153*t - 4588. Calculate u(30).
2
Let w(b) = -3*b**2 - 80*b + 23. Determine w(-27).
-4
Let a(g) = -42*g + 168. Calculate a(6).
-84
Let m(i) = -24*i + 209. Determine m(9).
-7
Let c(l) = l**2 + 12*l + 171. Give c(-12).
171
Let y(i) = 27*i**3 + 378*i**2 - 2*i - 28. Calculate y(-14).
0
Let z(o) = 10*o**2 - 30*o + 75. Determine z(8).
475
Let z(l) = -1110*l + 5543. Determine z(5).
-7
Let s(p) = -13*p + 184. What is s(21)?
-89
Let q(x) = -33*x - 2458. What is q(-74)?
-16
Let y(a) = -3*a - 263. Calculate y(-85).
-8
Let t(n) = 2*n - 16. What is t(-8)?
-32
Let r(y) = 3*y**2 + 40*y + 50. What is r(-10)?
-50
Let i(a) = -23*a - 41. Give i(-4).
51
Let d(r) = -r**3 - 8*r**2 + 18*r + 19. Determine d(-11).
184
Let m(t) = 30*t - 176. Calculate m(6).
4
Let w(t) = t**3 - 60*t**2 + 58*t - 462. Determine w(59).
-521
Let s(i) = -84*i**2 - 7*i + 2. What is s(2)?
-348
Let p(a) = -254*a - 11382. Determine p(-45).
48
Let g(r) = r**3 - 10*r**2 - 12*r + 13. Give g(12).
157
Let h(f) = 13*f + 10. Determine h(-5).
-55
Let b(q) = -q**3 - 30*q**2 + q - 3. Determine b(-30).
-33
Let a(f) = -f**3 - 135*f**2 + 468*f + 45158. Determine a(-136).
6
Let s(n) = 65*n - 661. What is s(10)?
-11
Let g(s) = -17*s**2 + 85*s - 144. Calculate g(2).
-42
Let n(f) = -2*f**3 + 16*f**2 + 60*f - 40. Give n(11).
-106
Let l(n) = -n**2 + 29*n - 70. What is l(19)?
120
Let w(n) = -n**2 + 60*n - 763. Determine w(18).
-7
Let n(m) = -4*m - 24. Determine n(-5).
-4
Let d(x) = -6*x**2 - 40*x - 109. Calculate d(-6).
-85
Let f(h) = -12*h**2 + 61*h + 6. What is f(7)?
-155
Let j(l) = -l**3 + 11*l**2 - 15*l + 5. Calculate j(2).
11
Let p(o) = -8*o**2 + 14*o - 30. Calculate p(2).
-34
Let i(j) = 28*j**2 + 12*j - 20. Calculate i(2).
116
Let b(a) = -145*a + 1312. Give b(9).
7
Let q(g) = 46*g**2 + 1542*g - 741. Determine q(-34).
7
Let h(m) = -2*m**2 + 100*m - 890. Determine h(39).
-32
Let d(z) = 2*z**2 - 71*z + 320. What is d(30)?
-10
Let j(z) = z**2 - 5*z - 102. What is j(-16)?
234
Let f(y) = -3*y**2 - 17*y + 135. What is f(-13)?
-151
Let s(k) = 23*k - 59. Determine s(-13).
-358
Let d(j) = 542*j - 10298. Give d(19).
0
Let b(u) = -37*u**3 - u - 2. Determine b(2).
-300
Let o(n) = n**3 - 35*n**2 - 155*n - 37. Determine o(39).
2
Let n(i) = -114*i + 6952. Give n(61).
-2
Let x(f) = -266*f - 3203. Give x(-12).
-11
Let z(w) = -293*w + 1470. Determine z(5).
5
Let j(x) = 104*x**2 + 29*x + 63. Give j(-2).
421
Let o(w) = 25*w + 727. Calculate o(-19).
252
Let i(q) = -q**2 + 44*q - 238. Calculate i(6).
-10
Let z(p) = 6*p**2 - 418*p - 1006. What is z(72)?
2
Let x(h) = -6*h**3 + h**2 - 4*h - 5. Determine x(-1).
6
Let m(s) = s**3 + 10*s**2 + 23*s - 11. Give m(-6).
-5
Let w(b) = 2*b**2 + 8*b - 47. What is w(-6)?
-23
Let b(q) = -q**2 - 254*q - 10343. What is b(-51)?
10
Let t(w) = -w**3 - 19*w**2 - 39*w + 152. Calculate t(-16).
8
Let m(f) = f**3 + 27*f**2 + 7*f. Give m(-27).
-189
Let y(d) = 5*d**2 + 182*d + 271. Give y(-35).
26
Let g(t) = t**3 + 16*t**2 - 15*t - 101. Determine g(-17).
-135
Let q(f) = 13*f**3 + 3*f**2 + 12*f + 9. Give q(-1).
-13
Let f(g) = 6*g**2 - 143*g - 1296. What is f(-7)?
-1
Let t(s) = -23*s**3 - 134*s**2 - 97*s - 7. What is t(-5)?
3
Let r(f) = -21*f + 713. Determine r(33).
20
Let b(j) = -j**3 + 98*j**2 - 545*j - 644. Give b(92).
0
Let g(n) = 3*n**2 - 62*n - 44. Calculate g(20).
-84
Let x(l) = 18*l**2 + 86*l - 331. Give x(4).
301
Let u(o) = -o**2 + 60*o - 420. Give u(52).
-4
Let j(r) = 2*r + 95. What is j(-38)?
19
Let i(f) = -f**3 - 32*f**2 + 265*f - 310. Determine i(-39).
2
Let n(x) = x**3 - 35*x**2 + 48*x - 78. Calculate n(34).
398
Let h(w) = 8*w - 137. What is h(5)?
-97
Let r(s) = -2*s + 48. Determine r(4).
40
Let f(p) = -p**3 - 99*p**2 + 401*p + 12. Determine f(4).
-32
Let l(x) = 23*x**2 - 2900*x + 199. Calculate l(126).
-53
Let h(l) = 296*l + 14791. Give h(-50).
-9
Let n(o) = -26*o**2 - 22*o - 35. Give n(-4).
-363
Let p(w) = -28*w + 2093. Calculate p(64).
301
Let x(a) = -3*a**2 - 36*a + 200. Give x(-16).
8
Let p(q) = -3*q**2 - 66*q + 22. Calculate p(-23).
-47
Let u(r) = r**3 + 3*r**2 - 7*r + 9. Determine u(2).
15
Let g(m) = -m**2 - 106*m + 8373. What is g(53)?
-54
Let w(a) = 780*a - 7024. Determine w(9).
-4
Let k(p) = -2*p**3 - 9*p**2 + 6*p - 3. Calculate k(-5).
-8
Let r(s) = 81*s**2 + 31*s - 58. Calculate r(3).
764
Let g(u) = 7*u - 58. Give g(-4).
-86
Let v(w) = 170*w**3 + w**2 + 4*w + 3. What is v(-1)?
-170
Let g(a) = 25*a + 1146. Calculate g(-36).
246
Let r(f) = 54*f - 267. Determine r(6).
57
Let x(g) = -g**3 - 13*g**2 + 16*g - 117. Determine x(-13).
-325
Let k(d) = -13*d + 185. What is k(25)?
-140
Let d(k) = 5*k**3 - 113*k**2 - 3*k - 983. Determine d(23).
6
Let u(t) = -332*t - 1392. Give u(-5).
268
Let b(r) = -305*r - 257. Give b(-1).
48
Let s(h) = -10*h**3 + 569*h**2 + 54*h + 181. Give s(57).
10
Let t(v) = v**3 - 6*v**2 - 113*v - 34. Give t(-8).
-26
Let r(q) = -26*q**2 + 115*q + 5. Calculate r(6).
-241
Let n(s) = 9*s**2 + 147*s + 133. Give n(-15).
-47
Let s(k) = -1764*k - 84673. Calculate s(-48).
-1
Let v(h) = -7*h - 49. What is v(16)?
-161
Let r(y) = -y**3 - 42*y**2 - 69*y - 1193. Give r(-41).
-45
Let t(j) = 21*j**2 + 1678*j - 153. Determine t(-80).
7
Let x(k) = k**3 - 20*k**2 - 29*k + 261. Calculate x(21).
93
Let j(k) = -784*k - 3921. Determine j(-5).
-1
Let p(h) = -176*h + 823. Determine p(4).
119
Let w(x) = x**3 - 28*x**2 + 27*x + 47. What is w(27)?
47
Let c(b) = b**2 - 58*b + 302. Give c(6).
-10
Let a(t) = -t**3 - 7*t**2 + 14*t + 6. Calculate a(-9).
42
Let p(n) = 14*n - 103. Determine p(12).
65
Let h(r) = -r**3 - 6*r**2 + 555*r + 4312. Determine h(-8).
0
Let a(g) = -g**3 - 85*g**2 + 277*g + 1142. Calculate a(-88).
-2
Let m(p) = -18*p + 13. Determine m(1).
-5
Let i(w) = -2*w**2 + 11*w + 87. Give i(9).
24
Let c(d) = 101*d**3 - 6*d**2 + 4*d + 4. What is c(-1)?
-107
Let g(h) = 17*h + 21. Determine g(-6).
-81
Let y(f) = -44*f + 3767. Give y(86).
-17
Let p(x) = x**3 - 12*x**2 + 5*x + 77. Give p(11).
11
Let a(v) = -168*v - 2198. What is a(-13)?
-14
Let f(i) = 47*i - 575. Give f(9).
-152
Let o(f) = 82*f + 8. Determine o(1).
90
Let v(g) = -382*g + 1934. Calculate v(4).
406
Let k(r) = 4*r**3 + 8*r**2 - 6*r - 1. Calculate k(-5).
-271
Let l(w) = -3*w**3 + w**2 - 12*w - 15. Calculate l(-3).
111
Let a(h) = 4*h**2 + 18*h - 2. Give a(-7).
68
Let v(w) = -w**3 + 4*w**2 - 2*w - 10. Give v(6).
-94
Let d(p) = -p**3 - 4*p**2 + 143*p + 143. Give d(-14).
101
Let l(y) = -6*y**2 - 125*y + 627. Calculate l(-25).
2
Let b(c) = 33*c + 512. Calculate b(-16).
-16
Let q(n) = -18*n**2 - 4*n + 40. Give q(3).
-134
Let h(z) = 12*z**3 + 3*z + 13. What is h(-2)?
-89
Let f(x) = 2*x**3 - 2*x**2 + 6*x. What is f(4)?
120
Let u(g) = -14*g**2 + 21*g - 34. Give u(2).
-48
Let d(w) = -8*w - 30. Determine d(3).
-54
Let g(u) = -2*u**2 + 28*u - 64. Calculate g(10).
16
Let q(a) = a**3 - 26*a**2 + 28*a + 63. Determine q(25).
138
Let t(c) = -145*c**3 + 2*c**2 - 7*c + 5. What is t(1)?
-145
Let i(x) = x**3 + 15*x**2 + 15*x + 225. Give i(-15).
0
Let t(j) = 62*j - 905. Calculate t(13).
-99
Let i(n) = 3*n**2 -